{"id":579,"date":"2021-08-02T16:30:00","date_gmt":"2021-08-02T14:30:00","guid":{"rendered":"https:\/\/www.magnus-hoffmann-schule.de\/?page_id=579"},"modified":"2025-08-04T12:37:24","modified_gmt":"2025-08-04T10:37:24","slug":"unterrichtszeiten","status":"publish","type":"page","link":"https:\/\/www.magnus-hoffmann-schule.de\/?page_id=579","title":{"rendered":"Unterrichtszeiten"},"content":{"rendered":"\n<p>Einlass f\u00fcr alle Sch\u00fclerinnen und Sch\u00fcler = 7:20 Uhr<\/p>\n\n\n\n<figure class=\"wp-block-table is-style-regular\"><table class=\"has-fixed-layout\"><tbody><tr><td class=\"has-text-align-left\" data-align=\"left\"><strong>Stunden<\/strong><\/td><td><strong>Unterrichtsbeginn<\/strong><\/td><td><strong>Unterrichtsende<\/strong><\/td><td><strong>Pausenzeiten<\/strong><\/td><\/tr><tr><td class=\"has-text-align-left\" data-align=\"left\"><\/td><td><\/td><td><\/td><td><\/td><\/tr><tr><td class=\"has-text-align-left\" data-align=\"left\">1. Stunde<\/td><td>7:30 Uhr <\/td><td>8:15 Uhr<\/td><td><\/td><\/tr><tr><td class=\"has-text-align-left\" data-align=\"left\">Fr\u00fchst\u00fcck<\/td><td><\/td><td><\/td><td>ab 8:15 Uhr (10min.)<\/td><\/tr><tr><td class=\"has-text-align-left\" data-align=\"left\">2. Stunde<\/td><td>8:25 Uhr<\/td><td>9:10 Uhr<\/td><td><\/td><\/tr><tr><td class=\"has-text-align-left\" data-align=\"left\">Hofpause<\/td><td><\/td><td><\/td><td>ab 9:10 Uhr (20min.)<\/td><\/tr><tr><td class=\"has-text-align-left\" data-align=\"left\"><\/td><td><\/td><td><\/td><td><\/td><\/tr><tr><td class=\"has-text-align-left\" data-align=\"left\">3. Stunde<\/td><td>9:30 Uhr<\/td><td>10:15 Uhr<\/td><td><\/td><\/tr><tr><td class=\"has-text-align-left\" data-align=\"left\">Pause<\/td><td><\/td><td><\/td><td>ab 10:15 Uhr (5min.)<\/td><\/tr><tr><td class=\"has-text-align-left\" data-align=\"left\">4. Stunde<\/td><td>10:20 Uhr<\/td><td>11:05 Uhr<\/td><td><\/td><\/tr><tr><td class=\"has-text-align-left\" data-align=\"left\">kurze Pause<\/td><td><\/td><td><\/td><td>ab 11:05 Uhr (10min.)<\/td><\/tr><tr><td class=\"has-text-align-left\" data-align=\"left\"><\/td><td><\/td><td><\/td><td><\/td><\/tr><tr><td class=\"has-text-align-left\" data-align=\"left\">5. Stunde<\/td><td>11:15 Uhr<\/td><td>12:00 Uhr<\/td><td><\/td><\/tr><tr><td class=\"has-text-align-left\" data-align=\"left\">Hof-\/ Mittagspause<\/td><td><\/td><td><\/td><td>ab 12:00 Uhr (30min.)<\/td><\/tr><tr><td class=\"has-text-align-left\" data-align=\"left\"><\/td><td><\/td><td><\/td><td><\/td><\/tr><tr><td class=\"has-text-align-left\" data-align=\"left\">6. Stunde<\/td><td>12:30 Uhr<\/td><td>13:15 Uhr<\/td><td><\/td><\/tr><tr><td class=\"has-text-align-left\" data-align=\"left\">Pause<\/td><td><\/td><td><\/td><td>ab 13:15 Uhr (5min.)<\/td><\/tr><tr><td class=\"has-text-align-left\" data-align=\"left\">7. Stunde<\/td><td>13:20 Uhr<\/td><td>14:05 Uhr<\/td><td><\/td><\/tr><tr><td class=\"has-text-align-left\" data-align=\"left\">Pause<\/td><td><\/td><td><\/td><td>ab 14:05 Uhr (5min.)<\/td><\/tr><tr><td class=\"has-text-align-left\" data-align=\"left\">8.Stunde<\/td><td>14:10 Uhr<\/td><td>14:55 Uhr<\/td><td><\/td><\/tr><\/tbody><\/table><\/figure>\n","protected":false},"excerpt":{"rendered":"<p>Einlass f\u00fcr alle Sch\u00fclerinnen und Sch\u00fcler = 7:20 Uhr Stunden Unterrichtsbeginn Unterrichtsende Pausenzeiten 1. Stunde 7:30 Uhr 8:15 Uhr Fr\u00fchst\u00fcck ab 8:15 Uhr (10min.) 2. Stunde 8:25 Uhr 9:10 Uhr Hofpause ab 9:10 Uhr (20min.) 3. Stunde 9:30 Uhr 10:15 Uhr Pause ab 10:15 Uhr (5min.) 4. Stunde 10:20 Uhr 11:05 Uhr kurze Pause ab &hellip; <\/p>\n<p class=\"link-more\"><a href=\"https:\/\/www.magnus-hoffmann-schule.de\/?page_id=579\" class=\"more-link\"><span class=\"screen-reader-text\">\u201eUnterrichtszeiten\u201c<\/span> weiterlesen<\/a><\/p>\n","protected":false},"author":4,"featured_media":0,"parent":0,"menu_order":0,"comment_status":"closed","ping_status":"closed","template":"","meta":[],"_links":{"self":[{"href":"https:\/\/www.magnus-hoffmann-schule.de\/index.php?rest_route=\/wp\/v2\/pages\/579"}],"collection":[{"href":"https:\/\/www.magnus-hoffmann-schule.de\/index.php?rest_route=\/wp\/v2\/pages"}],"about":[{"href":"https:\/\/www.magnus-hoffmann-schule.de\/index.php?rest_route=\/wp\/v2\/types\/page"}],"author":[{"embeddable":true,"href":"https:\/\/www.magnus-hoffmann-schule.de\/index.php?rest_route=\/wp\/v2\/users\/4"}],"replies":[{"embeddable":true,"href":"https:\/\/www.magnus-hoffmann-schule.de\/index.php?rest_route=%2Fwp%2Fv2%2Fcomments&post=579"}],"version-history":[{"count":10,"href":"https:\/\/www.magnus-hoffmann-schule.de\/index.php?rest_route=\/wp\/v2\/pages\/579\/revisions"}],"predecessor-version":[{"id":1683,"href":"https:\/\/www.magnus-hoffmann-schule.de\/index.php?rest_route=\/wp\/v2\/pages\/579\/revisions\/1683"}],"wp:attachment":[{"href":"https:\/\/www.magnus-hoffmann-schule.de\/index.php?rest_route=%2Fwp%2Fv2%2Fmedia&parent=579"}],"curies":[{"name":"wp","href":"https:\/\/api.w.org\/{rel}","templated":true}]}}