{"id":408,"date":"2020-08-09T13:17:37","date_gmt":"2020-08-09T11:17:37","guid":{"rendered":"https:\/\/www.magnus-hoffmann-schule.de\/?page_id=408"},"modified":"2026-02-18T08:04:13","modified_gmt":"2026-02-18T07:04:13","slug":"impressum","status":"publish","type":"page","link":"https:\/\/www.magnus-hoffmann-schule.de\/?page_id=408","title":{"rendered":"Impressum"},"content":{"rendered":"\n<figure class=\"wp-block-table\"><table><tbody><tr><td><strong>Impressum:<\/strong><\/td><td>Magnus-Hoffmann-Schule<br>St\u00e4dtische Grundschule<\/td><\/tr><tr><td><strong>Schulleitung:<\/strong><\/td><td>Friederike Spiesecke, Schulleiterin<br>Caroline D\u00fcring, komm. stellv. Schulleiterin<br>Wusterauer Anger 22A<br>14774 Brandenburg<br>Telefon: (0 33 81) 80 02 09<br>Telefax: (0 33 81) 80 41 09<br>E-Mail: hoffmann(at)schule-brandenburg.de<\/td><\/tr><tr><td><strong>Schultr\u00e4ger:<\/strong><\/td><td>Stadt Brandenburg an der Havel<br>Der Oberb\u00fcgermeister<br>Fachbereich Kultur, Bildung und Sport<br>Fachgruppe Schulverwaltung<br>Friedrich-Franz-Stra\u00dfe 19<br>14770 Brandenburg an der Havel<br>Telefon: (0 33 81) 58 40 01<br>Telefax: (0 33 81) 58 40 04<br>Technischer Ansprechpartner:<br>Frau D. Otto<\/td><\/tr><tr><td><strong>&nbsp;Information:<\/strong><\/td><td>Die Homepage stellt ein Informationsangebot f\u00fcr die Sch\u00fcler, Eltern, Lehrer und Partner der Magnus-Hoffmann-Schule dar. Bei Kritik, Hinweisen und Anregungen wenden Sie sich bitte zun\u00e4chst an die Verantwortliche f\u00fcr die Website: Frau Friederike Spiesecke, komm. Schulleiterin.<\/td><\/tr><tr><td><strong>Haftungshinweis:<\/strong><\/td><td>Trotz sorgf\u00e4ltiger inhaltlicher Kontrolle \u00fcbernehmen wir keine Haftung f\u00fcr die Inhalte externer Links. F\u00fcr den Inhalt der verlinkten Seiten sind ausschlie\u00dflich deren Betreiber verantwortlich.<\/td><\/tr><\/tbody><\/table><\/figure>\n","protected":false},"excerpt":{"rendered":"<p>Impressum: Magnus-Hoffmann-SchuleSt\u00e4dtische Grundschule Schulleitung: Friederike Spiesecke, SchulleiterinCaroline D\u00fcring, komm. stellv. SchulleiterinWusterauer Anger 22A14774 BrandenburgTelefon: (0 33 81) 80 02 09Telefax: (0 33 81) 80 41 09E-Mail: hoffmann(at)schule-brandenburg.de Schultr\u00e4ger: Stadt Brandenburg an der HavelDer Oberb\u00fcgermeisterFachbereich Kultur, Bildung und SportFachgruppe SchulverwaltungFriedrich-Franz-Stra\u00dfe 1914770 Brandenburg an der HavelTelefon: (0 33 81) 58 40 01Telefax: (0 33 81) 58 40 &hellip; <\/p>\n<p class=\"link-more\"><a href=\"https:\/\/www.magnus-hoffmann-schule.de\/?page_id=408\" class=\"more-link\"><span class=\"screen-reader-text\">\u201eImpressum\u201c<\/span> weiterlesen<\/a><\/p>\n","protected":false},"author":4,"featured_media":0,"parent":0,"menu_order":0,"comment_status":"closed","ping_status":"closed","template":"","meta":[],"_links":{"self":[{"href":"https:\/\/www.magnus-hoffmann-schule.de\/index.php?rest_route=\/wp\/v2\/pages\/408"}],"collection":[{"href":"https:\/\/www.magnus-hoffmann-schule.de\/index.php?rest_route=\/wp\/v2\/pages"}],"about":[{"href":"https:\/\/www.magnus-hoffmann-schule.de\/index.php?rest_route=\/wp\/v2\/types\/page"}],"author":[{"embeddable":true,"href":"https:\/\/www.magnus-hoffmann-schule.de\/index.php?rest_route=\/wp\/v2\/users\/4"}],"replies":[{"embeddable":true,"href":"https:\/\/www.magnus-hoffmann-schule.de\/index.php?rest_route=%2Fwp%2Fv2%2Fcomments&post=408"}],"version-history":[{"count":8,"href":"https:\/\/www.magnus-hoffmann-schule.de\/index.php?rest_route=\/wp\/v2\/pages\/408\/revisions"}],"predecessor-version":[{"id":1777,"href":"https:\/\/www.magnus-hoffmann-schule.de\/index.php?rest_route=\/wp\/v2\/pages\/408\/revisions\/1777"}],"wp:attachment":[{"href":"https:\/\/www.magnus-hoffmann-schule.de\/index.php?rest_route=%2Fwp%2Fv2%2Fmedia&parent=408"}],"curies":[{"name":"wp","href":"https:\/\/api.w.org\/{rel}","templated":true}]}}