{"id":1595,"date":"2024-12-02T10:15:07","date_gmt":"2024-12-02T09:15:07","guid":{"rendered":"https:\/\/www.magnus-hoffmann-schule.de\/?page_id=1595"},"modified":"2026-03-17T09:09:17","modified_gmt":"2026-03-17T08:09:17","slug":"schulsozialarbeit","status":"publish","type":"page","link":"https:\/\/www.magnus-hoffmann-schule.de\/?page_id=1595","title":{"rendered":"Schulsozialarbeit"},"content":{"rendered":"\n<p class=\"has-text-align-left\">Hallo liebe Eltern und Erziehungsberechtigte,<\/p>\n\n\n\n<p class=\"has-text-align-left\">mein Name ist\u00a0Jenny Fiedler und ich bin ab sofort die neue Schulsozialarbeiterin der Magnus-Hoffman-Schule. Ich freue mich darauf Sie und Ihre Kinder kennenzulernen und w\u00fcnsche uns eine gute Zusammenarbeit.<\/p>\n\n\n\n<div class=\"wp-block-image\"><figure class=\"aligncenter size-large is-resized\"><img loading=\"lazy\" src=\"https:\/\/www.magnus-hoffmann-schule.de\/wp-content\/uploads\/2026\/03\/IMG_7189-673x1024.jpg\" alt=\"\" class=\"wp-image-1807\" width=\"236\" height=\"359\" srcset=\"https:\/\/www.magnus-hoffmann-schule.de\/wp-content\/uploads\/2026\/03\/IMG_7189-673x1024.jpg 673w, https:\/\/www.magnus-hoffmann-schule.de\/wp-content\/uploads\/2026\/03\/IMG_7189-197x300.jpg 197w, https:\/\/www.magnus-hoffmann-schule.de\/wp-content\/uploads\/2026\/03\/IMG_7189-768x1168.jpg 768w, https:\/\/www.magnus-hoffmann-schule.de\/wp-content\/uploads\/2026\/03\/IMG_7189-1010x1536.jpg 1010w, https:\/\/www.magnus-hoffmann-schule.de\/wp-content\/uploads\/2026\/03\/IMG_7189-1347x2048.jpg 1347w, https:\/\/www.magnus-hoffmann-schule.de\/wp-content\/uploads\/2026\/03\/IMG_7189-scaled.jpg 1684w\" sizes=\"(max-width: 236px) 100vw, 236px\" \/><\/figure><\/div>\n\n\n\n<p class=\"has-text-align-left\">Meine Sprechzeiten (vorerst &#8211; kleine \u00c4nderungen k\u00f6nnen sich noch ergeben)<br>\u200b\u200b\u200b\u200b\u200b\u200b\u200bab 16.03.2026 sind:<\/p>\n\n\n\n<p class=\"has-text-align-left\">Mo: 9:00 &#8211; 15:00 Uhr <br>Di : 7:30 &#8211; 13:15 Uhr<br>Do: 9:00 &#8211; 15:00 Uhr<\/p>\n\n\n\n<p class=\"has-text-align-left\">Meine Aufgaben und Ziele sind:<\/p>\n\n\n\n<p class=\"has-text-align-left\"><strong>F\u00fcr die Schulkinder:<\/strong><\/p>\n\n\n\n<ol><li>F\u00f6rderung der Pers\u00f6nlichkeitsentwicklung<\/li><li>St\u00e4rkung der emotionalen Stabilit\u00e4t<\/li><li>F\u00f6rderung sozialer Kompetenzen, v.a. der Konfliktf\u00e4higkeit und der Frustrationstoleranz<\/li><li>Unterst\u00fctzung bei Problemen in Schule, Familie oder Freizeit<\/li><\/ol>\n\n\n\n<p><br><strong>F\u00fcr Eltern\/ Erziehungsberechtigte:<\/strong><\/p>\n\n\n\n<ol><li>St\u00e4rken der elterlichen Erziehungskompetenz<\/li><li>Vernetzung von Angeboten der Jugendhilfe, des Freizeitbereiches, der Pr\u00e4vention und Gesundheitsf\u00f6rderung<\/li><\/ol>\n\n\n\n<p><br><strong>F\u00fcr die Schule:<\/strong><\/p>\n\n\n\n<ol><li>Psychosoziale Entlastung der Lehrkr\u00e4fte<\/li><li>Schaffen eines positiven Schulklimas<\/li><li>Vernetzung und Kooperation der Schule mit anderen Institutionen<\/li><\/ol>\n\n\n\n<p>Ich bin zus\u00e4tzlich per Mail erreichbar: <a href=\"mailto:magnushoffmannschule-ssa@web.de\">magnushoffmannschule-ssa@web.de<\/a><\/p>\n\n\n\n<p><\/p>\n","protected":false},"excerpt":{"rendered":"<p>Hallo liebe Eltern und Erziehungsberechtigte, mein Name ist\u00a0Jenny Fiedler und ich bin ab sofort die neue Schulsozialarbeiterin der Magnus-Hoffman-Schule. Ich freue mich darauf Sie und Ihre Kinder kennenzulernen und w\u00fcnsche uns eine gute Zusammenarbeit. Meine Sprechzeiten (vorerst &#8211; kleine \u00c4nderungen k\u00f6nnen sich noch ergeben)\u200b\u200b\u200b\u200b\u200b\u200b\u200bab 16.03.2026 sind: Mo: 9:00 &#8211; 15:00 Uhr Di : 7:30 &#8211; &hellip; <\/p>\n<p class=\"link-more\"><a href=\"https:\/\/www.magnus-hoffmann-schule.de\/?page_id=1595\" class=\"more-link\"><span class=\"screen-reader-text\">\u201eSchulsozialarbeit\u201c<\/span> weiterlesen<\/a><\/p>\n","protected":false},"author":4,"featured_media":0,"parent":0,"menu_order":0,"comment_status":"closed","ping_status":"closed","template":"","meta":[],"_links":{"self":[{"href":"https:\/\/www.magnus-hoffmann-schule.de\/index.php?rest_route=\/wp\/v2\/pages\/1595"}],"collection":[{"href":"https:\/\/www.magnus-hoffmann-schule.de\/index.php?rest_route=\/wp\/v2\/pages"}],"about":[{"href":"https:\/\/www.magnus-hoffmann-schule.de\/index.php?rest_route=\/wp\/v2\/types\/page"}],"author":[{"embeddable":true,"href":"https:\/\/www.magnus-hoffmann-schule.de\/index.php?rest_route=\/wp\/v2\/users\/4"}],"replies":[{"embeddable":true,"href":"https:\/\/www.magnus-hoffmann-schule.de\/index.php?rest_route=%2Fwp%2Fv2%2Fcomments&post=1595"}],"version-history":[{"count":7,"href":"https:\/\/www.magnus-hoffmann-schule.de\/index.php?rest_route=\/wp\/v2\/pages\/1595\/revisions"}],"predecessor-version":[{"id":1809,"href":"https:\/\/www.magnus-hoffmann-schule.de\/index.php?rest_route=\/wp\/v2\/pages\/1595\/revisions\/1809"}],"wp:attachment":[{"href":"https:\/\/www.magnus-hoffmann-schule.de\/index.php?rest_route=%2Fwp%2Fv2%2Fmedia&parent=1595"}],"curies":[{"name":"wp","href":"https:\/\/api.w.org\/{rel}","templated":true}]}}