{"id":1582,"date":"2024-10-10T13:39:04","date_gmt":"2024-10-10T11:39:04","guid":{"rendered":"https:\/\/www.magnus-hoffmann-schule.de\/?page_id=1582"},"modified":"2025-11-25T11:59:12","modified_gmt":"2025-11-25T10:59:12","slug":"arbeitsgemeinschaften","status":"publish","type":"page","link":"https:\/\/www.magnus-hoffmann-schule.de\/?page_id=1582","title":{"rendered":"Arbeitsgemeinschaften"},"content":{"rendered":"\n<p><strong>Neues aus der AG &#8222;Nadel und Faden&#8220;<\/strong><\/p>\n\n\n\n<p>Wir haben in den letzten Monaten kleine Schl\u00fcsselanh\u00e4nger angefertigt. Frau Schlothauer hat die Stoffe f\u00fcr die Kinder zugeschnitten und geb\u00fcgelt. Die Kinder mussten dann selbstst\u00e4ndig mit ihren Stecknadeln feststecken und n\u00e4hen. Zum Schluss haben sie es noch mit einem Knopf verziert. Voller Stolz d\u00fcrfen wir hier ein paar Zauberwerke zeigen! \ud83d\ude42<\/p>\n\n\n\n<figure class=\"wp-block-gallery columns-3 is-cropped\"><ul class=\"blocks-gallery-grid\"><li class=\"blocks-gallery-item\"><figure><img loading=\"lazy\" width=\"1024\" height=\"746\" src=\"https:\/\/www.magnus-hoffmann-schule.de\/wp-content\/uploads\/2025\/11\/IMG_3911-1024x746.jpeg\" alt=\"\" data-id=\"1707\" data-full-url=\"https:\/\/www.magnus-hoffmann-schule.de\/wp-content\/uploads\/2025\/11\/IMG_3911-scaled.jpeg\" data-link=\"https:\/\/www.magnus-hoffmann-schule.de\/?attachment_id=1707\" class=\"wp-image-1707\" srcset=\"https:\/\/www.magnus-hoffmann-schule.de\/wp-content\/uploads\/2025\/11\/IMG_3911-1024x746.jpeg 1024w, https:\/\/www.magnus-hoffmann-schule.de\/wp-content\/uploads\/2025\/11\/IMG_3911-300x218.jpeg 300w, https:\/\/www.magnus-hoffmann-schule.de\/wp-content\/uploads\/2025\/11\/IMG_3911-768x559.jpeg 768w, https:\/\/www.magnus-hoffmann-schule.de\/wp-content\/uploads\/2025\/11\/IMG_3911-1536x1118.jpeg 1536w, https:\/\/www.magnus-hoffmann-schule.de\/wp-content\/uploads\/2025\/11\/IMG_3911-2048x1491.jpeg 2048w\" sizes=\"(max-width: 706px) 89vw, (max-width: 767px) 82vw, 740px\" \/><\/figure><\/li><li class=\"blocks-gallery-item\"><figure><img loading=\"lazy\" width=\"1024\" height=\"768\" src=\"https:\/\/www.magnus-hoffmann-schule.de\/wp-content\/uploads\/2025\/11\/IMG_3912-1024x768.jpeg\" alt=\"\" data-id=\"1708\" data-full-url=\"https:\/\/www.magnus-hoffmann-schule.de\/wp-content\/uploads\/2025\/11\/IMG_3912-scaled.jpeg\" data-link=\"https:\/\/www.magnus-hoffmann-schule.de\/?attachment_id=1708\" class=\"wp-image-1708\" srcset=\"https:\/\/www.magnus-hoffmann-schule.de\/wp-content\/uploads\/2025\/11\/IMG_3912-1024x768.jpeg 1024w, https:\/\/www.magnus-hoffmann-schule.de\/wp-content\/uploads\/2025\/11\/IMG_3912-300x225.jpeg 300w, https:\/\/www.magnus-hoffmann-schule.de\/wp-content\/uploads\/2025\/11\/IMG_3912-768x576.jpeg 768w, https:\/\/www.magnus-hoffmann-schule.de\/wp-content\/uploads\/2025\/11\/IMG_3912-1536x1152.jpeg 1536w, https:\/\/www.magnus-hoffmann-schule.de\/wp-content\/uploads\/2025\/11\/IMG_3912-2048x1536.jpeg 2048w\" sizes=\"(max-width: 706px) 89vw, (max-width: 767px) 82vw, 740px\" \/><\/figure><\/li><li class=\"blocks-gallery-item\"><figure><img loading=\"lazy\" width=\"1024\" height=\"768\" src=\"https:\/\/www.magnus-hoffmann-schule.de\/wp-content\/uploads\/2025\/11\/IMG_4071-1024x768.jpeg\" alt=\"\" data-id=\"1709\" data-full-url=\"https:\/\/www.magnus-hoffmann-schule.de\/wp-content\/uploads\/2025\/11\/IMG_4071-scaled.jpeg\" data-link=\"https:\/\/www.magnus-hoffmann-schule.de\/?attachment_id=1709\" class=\"wp-image-1709\" srcset=\"https:\/\/www.magnus-hoffmann-schule.de\/wp-content\/uploads\/2025\/11\/IMG_4071-1024x768.jpeg 1024w, https:\/\/www.magnus-hoffmann-schule.de\/wp-content\/uploads\/2025\/11\/IMG_4071-300x225.jpeg 300w, https:\/\/www.magnus-hoffmann-schule.de\/wp-content\/uploads\/2025\/11\/IMG_4071-768x576.jpeg 768w, https:\/\/www.magnus-hoffmann-schule.de\/wp-content\/uploads\/2025\/11\/IMG_4071-1536x1152.jpeg 1536w, https:\/\/www.magnus-hoffmann-schule.de\/wp-content\/uploads\/2025\/11\/IMG_4071-2048x1536.jpeg 2048w\" sizes=\"(max-width: 706px) 89vw, (max-width: 767px) 82vw, 740px\" \/><\/figure><\/li><li class=\"blocks-gallery-item\"><figure><img loading=\"lazy\" width=\"1024\" height=\"768\" src=\"https:\/\/www.magnus-hoffmann-schule.de\/wp-content\/uploads\/2025\/11\/IMG_4314-1024x768.jpeg\" alt=\"\" data-id=\"1710\" data-full-url=\"https:\/\/www.magnus-hoffmann-schule.de\/wp-content\/uploads\/2025\/11\/IMG_4314-scaled.jpeg\" data-link=\"https:\/\/www.magnus-hoffmann-schule.de\/?attachment_id=1710\" class=\"wp-image-1710\" srcset=\"https:\/\/www.magnus-hoffmann-schule.de\/wp-content\/uploads\/2025\/11\/IMG_4314-1024x768.jpeg 1024w, https:\/\/www.magnus-hoffmann-schule.de\/wp-content\/uploads\/2025\/11\/IMG_4314-300x225.jpeg 300w, https:\/\/www.magnus-hoffmann-schule.de\/wp-content\/uploads\/2025\/11\/IMG_4314-768x576.jpeg 768w, https:\/\/www.magnus-hoffmann-schule.de\/wp-content\/uploads\/2025\/11\/IMG_4314-1536x1152.jpeg 1536w, https:\/\/www.magnus-hoffmann-schule.de\/wp-content\/uploads\/2025\/11\/IMG_4314-2048x1536.jpeg 2048w\" sizes=\"(max-width: 706px) 89vw, (max-width: 767px) 82vw, 740px\" \/><\/figure><\/li><li class=\"blocks-gallery-item\"><figure><img loading=\"lazy\" width=\"1024\" height=\"768\" src=\"https:\/\/www.magnus-hoffmann-schule.de\/wp-content\/uploads\/2025\/11\/IMG_4375-1024x768.jpeg\" alt=\"\" data-id=\"1711\" data-full-url=\"https:\/\/www.magnus-hoffmann-schule.de\/wp-content\/uploads\/2025\/11\/IMG_4375-scaled.jpeg\" data-link=\"https:\/\/www.magnus-hoffmann-schule.de\/?attachment_id=1711\" class=\"wp-image-1711\" srcset=\"https:\/\/www.magnus-hoffmann-schule.de\/wp-content\/uploads\/2025\/11\/IMG_4375-1024x768.jpeg 1024w, https:\/\/www.magnus-hoffmann-schule.de\/wp-content\/uploads\/2025\/11\/IMG_4375-300x225.jpeg 300w, https:\/\/www.magnus-hoffmann-schule.de\/wp-content\/uploads\/2025\/11\/IMG_4375-768x576.jpeg 768w, https:\/\/www.magnus-hoffmann-schule.de\/wp-content\/uploads\/2025\/11\/IMG_4375-1536x1152.jpeg 1536w, https:\/\/www.magnus-hoffmann-schule.de\/wp-content\/uploads\/2025\/11\/IMG_4375-2048x1536.jpeg 2048w\" sizes=\"(max-width: 706px) 89vw, (max-width: 767px) 82vw, 740px\" \/><\/figure><\/li><\/ul><\/figure>\n\n\n\n<p><strong>Die Osterhasis der Kreativ-AG<\/strong><\/p>\n\n\n\n<p>Die Kinder der Kreativ-AG haben, unter der Anleitung von Frau Winkelmann, putzige Osterhasen gebaut. Diese tollen Figuren sind \u00fcberwiegend aus Naturmaterialien entstanden. Nun ist sicher woher der Osterhase kommt&#8230;aus der Magnus-Hoffmann-Schule&#8230;aber pssst! \ud83d\ude42 <\/p>\n\n\n\n<p>Vielen Dank f\u00fcr den kleinen Einblick.<\/p>\n\n\n\n<figure class=\"wp-block-image size-large\"><img loading=\"lazy\" width=\"1024\" height=\"551\" src=\"https:\/\/www.magnus-hoffmann-schule.de\/wp-content\/uploads\/2025\/04\/IMG_8959-1024x551.jpg\" alt=\"\" class=\"wp-image-1644\" srcset=\"https:\/\/www.magnus-hoffmann-schule.de\/wp-content\/uploads\/2025\/04\/IMG_8959-1024x551.jpg 1024w, https:\/\/www.magnus-hoffmann-schule.de\/wp-content\/uploads\/2025\/04\/IMG_8959-300x161.jpg 300w, https:\/\/www.magnus-hoffmann-schule.de\/wp-content\/uploads\/2025\/04\/IMG_8959-768x413.jpg 768w, https:\/\/www.magnus-hoffmann-schule.de\/wp-content\/uploads\/2025\/04\/IMG_8959.jpg 1179w\" sizes=\"(max-width: 706px) 89vw, (max-width: 767px) 82vw, 740px\" \/><\/figure>\n\n\n\n<p><strong>Mit diesen tollen Schlafmasken sind ruhige N\u00e4chte garantiert!  \ud83d\ude42<\/strong><\/p>\n\n\n\n<p>Die flei\u00dfigen N\u00e4hbienchen aus der AG Nadel und Faden haben tolle Schlafmasken gen\u00e4ht. Daf\u00fcr haben sie einige Wochen, Nadel und Faden geschwungen. &#8222;Die Masken sind eigentlich ein richtiges UPcyclingprojekt&#8220;, berichtet Frau Schlothauer. Sie bestehen auf der Vorderseite aus Geschirrt\u00fcchern mit sch\u00f6nem Muster oder aus anderen Stoffresten und auf der R\u00fcckseite aus Fleece, welches sie aus einer alten Fleecedecke zurechtgeschnitten hat. Dazu kommt noch ein Gummiband. Mehr braucht es nicht. <\/p>\n\n\n\n<p>Als n\u00e4chstes Projekt stecken die AG Teilnehmer in den Vorbereitungen f\u00fcr kleine Utensilos. Sie bestehen aus 5 \u201eBl\u00fcttenbl\u00e4ttern\u201c. Dazu werden verschiedene Stoffe benutzt und als Futter frische Wischlappen.<\/p>\n\n\n\n<p>Toll, was hier so alles gezaubert wird.<\/p>\n\n\n\n<figure class=\"wp-block-gallery columns-3 is-cropped\"><ul class=\"blocks-gallery-grid\"><li class=\"blocks-gallery-item\"><figure><img loading=\"lazy\" width=\"768\" height=\"1024\" src=\"https:\/\/www.magnus-hoffmann-schule.de\/wp-content\/uploads\/2025\/03\/IMG_9958-768x1024.jpeg\" alt=\"\" data-id=\"1630\" data-link=\"https:\/\/www.magnus-hoffmann-schule.de\/?attachment_id=1630\" class=\"wp-image-1630\" srcset=\"https:\/\/www.magnus-hoffmann-schule.de\/wp-content\/uploads\/2025\/03\/IMG_9958-768x1024.jpeg 768w, https:\/\/www.magnus-hoffmann-schule.de\/wp-content\/uploads\/2025\/03\/IMG_9958-225x300.jpeg 225w, https:\/\/www.magnus-hoffmann-schule.de\/wp-content\/uploads\/2025\/03\/IMG_9958-1152x1536.jpeg 1152w, https:\/\/www.magnus-hoffmann-schule.de\/wp-content\/uploads\/2025\/03\/IMG_9958.jpeg 1536w\" sizes=\"(max-width: 706px) 89vw, (max-width: 767px) 82vw, 740px\" \/><\/figure><\/li><li class=\"blocks-gallery-item\"><figure><img loading=\"lazy\" width=\"768\" height=\"1024\" src=\"https:\/\/www.magnus-hoffmann-schule.de\/wp-content\/uploads\/2025\/03\/IMG_9959-768x1024.jpeg\" alt=\"\" data-id=\"1631\" data-link=\"https:\/\/www.magnus-hoffmann-schule.de\/?attachment_id=1631\" class=\"wp-image-1631\" srcset=\"https:\/\/www.magnus-hoffmann-schule.de\/wp-content\/uploads\/2025\/03\/IMG_9959-768x1024.jpeg 768w, https:\/\/www.magnus-hoffmann-schule.de\/wp-content\/uploads\/2025\/03\/IMG_9959-225x300.jpeg 225w, https:\/\/www.magnus-hoffmann-schule.de\/wp-content\/uploads\/2025\/03\/IMG_9959-1152x1536.jpeg 1152w, https:\/\/www.magnus-hoffmann-schule.de\/wp-content\/uploads\/2025\/03\/IMG_9959.jpeg 1536w\" sizes=\"(max-width: 706px) 89vw, (max-width: 767px) 82vw, 740px\" \/><\/figure><\/li><li class=\"blocks-gallery-item\"><figure><img loading=\"lazy\" width=\"768\" height=\"1024\" src=\"https:\/\/www.magnus-hoffmann-schule.de\/wp-content\/uploads\/2025\/03\/IMG_9971-768x1024.jpeg\" alt=\"\" data-id=\"1632\" data-link=\"https:\/\/www.magnus-hoffmann-schule.de\/?attachment_id=1632\" class=\"wp-image-1632\" srcset=\"https:\/\/www.magnus-hoffmann-schule.de\/wp-content\/uploads\/2025\/03\/IMG_9971-768x1024.jpeg 768w, https:\/\/www.magnus-hoffmann-schule.de\/wp-content\/uploads\/2025\/03\/IMG_9971-225x300.jpeg 225w, https:\/\/www.magnus-hoffmann-schule.de\/wp-content\/uploads\/2025\/03\/IMG_9971-1152x1536.jpeg 1152w, https:\/\/www.magnus-hoffmann-schule.de\/wp-content\/uploads\/2025\/03\/IMG_9971.jpeg 1536w\" sizes=\"(max-width: 706px) 89vw, (max-width: 767px) 82vw, 740px\" \/><\/figure><\/li><li class=\"blocks-gallery-item\"><figure><img loading=\"lazy\" width=\"1024\" height=\"768\" src=\"https:\/\/www.magnus-hoffmann-schule.de\/wp-content\/uploads\/2025\/03\/IMG_0298-1024x768.jpeg\" alt=\"\" data-id=\"1633\" data-full-url=\"https:\/\/www.magnus-hoffmann-schule.de\/wp-content\/uploads\/2025\/03\/IMG_0298-scaled.jpeg\" data-link=\"https:\/\/www.magnus-hoffmann-schule.de\/?attachment_id=1633\" class=\"wp-image-1633\" srcset=\"https:\/\/www.magnus-hoffmann-schule.de\/wp-content\/uploads\/2025\/03\/IMG_0298-1024x768.jpeg 1024w, https:\/\/www.magnus-hoffmann-schule.de\/wp-content\/uploads\/2025\/03\/IMG_0298-300x225.jpeg 300w, https:\/\/www.magnus-hoffmann-schule.de\/wp-content\/uploads\/2025\/03\/IMG_0298-768x576.jpeg 768w, https:\/\/www.magnus-hoffmann-schule.de\/wp-content\/uploads\/2025\/03\/IMG_0298-1536x1152.jpeg 1536w, https:\/\/www.magnus-hoffmann-schule.de\/wp-content\/uploads\/2025\/03\/IMG_0298-2048x1536.jpeg 2048w\" sizes=\"(max-width: 706px) 89vw, (max-width: 767px) 82vw, 740px\" \/><\/figure><\/li><\/ul><\/figure>\n\n\n\n<figure class=\"wp-block-gallery columns-2 is-cropped\"><ul class=\"blocks-gallery-grid\"><li class=\"blocks-gallery-item\"><figure><img loading=\"lazy\" width=\"1024\" height=\"768\" src=\"https:\/\/www.magnus-hoffmann-schule.de\/wp-content\/uploads\/2025\/03\/IMG_0294-1024x768.jpeg\" alt=\"\" data-id=\"1634\" data-full-url=\"https:\/\/www.magnus-hoffmann-schule.de\/wp-content\/uploads\/2025\/03\/IMG_0294-scaled.jpeg\" data-link=\"https:\/\/www.magnus-hoffmann-schule.de\/?attachment_id=1634\" class=\"wp-image-1634\" srcset=\"https:\/\/www.magnus-hoffmann-schule.de\/wp-content\/uploads\/2025\/03\/IMG_0294-1024x768.jpeg 1024w, https:\/\/www.magnus-hoffmann-schule.de\/wp-content\/uploads\/2025\/03\/IMG_0294-300x225.jpeg 300w, https:\/\/www.magnus-hoffmann-schule.de\/wp-content\/uploads\/2025\/03\/IMG_0294-768x576.jpeg 768w, https:\/\/www.magnus-hoffmann-schule.de\/wp-content\/uploads\/2025\/03\/IMG_0294-1536x1152.jpeg 1536w, https:\/\/www.magnus-hoffmann-schule.de\/wp-content\/uploads\/2025\/03\/IMG_0294-2048x1536.jpeg 2048w\" sizes=\"(max-width: 706px) 89vw, (max-width: 767px) 82vw, 740px\" \/><\/figure><\/li><li class=\"blocks-gallery-item\"><figure><img loading=\"lazy\" width=\"1024\" height=\"768\" src=\"https:\/\/www.magnus-hoffmann-schule.de\/wp-content\/uploads\/2025\/03\/IMG_0295-1024x768.jpeg\" alt=\"\" data-id=\"1635\" data-full-url=\"https:\/\/www.magnus-hoffmann-schule.de\/wp-content\/uploads\/2025\/03\/IMG_0295-scaled.jpeg\" data-link=\"https:\/\/www.magnus-hoffmann-schule.de\/?attachment_id=1635\" class=\"wp-image-1635\" srcset=\"https:\/\/www.magnus-hoffmann-schule.de\/wp-content\/uploads\/2025\/03\/IMG_0295-1024x768.jpeg 1024w, https:\/\/www.magnus-hoffmann-schule.de\/wp-content\/uploads\/2025\/03\/IMG_0295-300x225.jpeg 300w, https:\/\/www.magnus-hoffmann-schule.de\/wp-content\/uploads\/2025\/03\/IMG_0295-768x576.jpeg 768w, https:\/\/www.magnus-hoffmann-schule.de\/wp-content\/uploads\/2025\/03\/IMG_0295-1536x1152.jpeg 1536w, https:\/\/www.magnus-hoffmann-schule.de\/wp-content\/uploads\/2025\/03\/IMG_0295-2048x1536.jpeg 2048w\" sizes=\"(max-width: 706px) 89vw, (max-width: 767px) 82vw, 740px\" \/><\/figure><\/li><\/ul><\/figure>\n\n\n\n<p><strong>Neue Kunstwerke aus der AG Nadel und Faden<\/strong><\/p>\n\n\n\n<p>Die Nadeln stehen in der AG Nadel und Faden nicht still. Die N\u00e4hbienchen haben wieder niedliche Kunstwerke gen\u00e4ht. Die ersten T\u00e4schen sind nun fertig. So macht Soffrestverabeitung doch richtig Spa\u00df.<\/p>\n\n\n\n<figure class=\"wp-block-gallery columns-3 is-cropped\"><ul class=\"blocks-gallery-grid\"><li class=\"blocks-gallery-item\"><figure><img loading=\"lazy\" width=\"1024\" height=\"768\" src=\"https:\/\/www.magnus-hoffmann-schule.de\/wp-content\/uploads\/2024\/12\/IMG_8667-1024x768.jpeg\" alt=\"\" data-id=\"1608\" data-full-url=\"https:\/\/www.magnus-hoffmann-schule.de\/wp-content\/uploads\/2024\/12\/IMG_8667-scaled.jpeg\" data-link=\"https:\/\/www.magnus-hoffmann-schule.de\/?attachment_id=1608\" class=\"wp-image-1608\" srcset=\"https:\/\/www.magnus-hoffmann-schule.de\/wp-content\/uploads\/2024\/12\/IMG_8667-1024x768.jpeg 1024w, https:\/\/www.magnus-hoffmann-schule.de\/wp-content\/uploads\/2024\/12\/IMG_8667-300x225.jpeg 300w, https:\/\/www.magnus-hoffmann-schule.de\/wp-content\/uploads\/2024\/12\/IMG_8667-768x576.jpeg 768w, https:\/\/www.magnus-hoffmann-schule.de\/wp-content\/uploads\/2024\/12\/IMG_8667-1536x1152.jpeg 1536w, https:\/\/www.magnus-hoffmann-schule.de\/wp-content\/uploads\/2024\/12\/IMG_8667-2048x1536.jpeg 2048w\" sizes=\"(max-width: 706px) 89vw, (max-width: 767px) 82vw, 740px\" \/><\/figure><\/li><li class=\"blocks-gallery-item\"><figure><img loading=\"lazy\" width=\"1024\" height=\"768\" src=\"https:\/\/www.magnus-hoffmann-schule.de\/wp-content\/uploads\/2024\/12\/IMG_8721-1024x768.jpeg\" alt=\"\" data-id=\"1609\" data-full-url=\"https:\/\/www.magnus-hoffmann-schule.de\/wp-content\/uploads\/2024\/12\/IMG_8721-scaled.jpeg\" data-link=\"https:\/\/www.magnus-hoffmann-schule.de\/?attachment_id=1609\" class=\"wp-image-1609\" srcset=\"https:\/\/www.magnus-hoffmann-schule.de\/wp-content\/uploads\/2024\/12\/IMG_8721-1024x768.jpeg 1024w, https:\/\/www.magnus-hoffmann-schule.de\/wp-content\/uploads\/2024\/12\/IMG_8721-300x225.jpeg 300w, https:\/\/www.magnus-hoffmann-schule.de\/wp-content\/uploads\/2024\/12\/IMG_8721-768x576.jpeg 768w, https:\/\/www.magnus-hoffmann-schule.de\/wp-content\/uploads\/2024\/12\/IMG_8721-1536x1152.jpeg 1536w, https:\/\/www.magnus-hoffmann-schule.de\/wp-content\/uploads\/2024\/12\/IMG_8721-2048x1536.jpeg 2048w\" sizes=\"(max-width: 706px) 89vw, (max-width: 767px) 82vw, 740px\" \/><\/figure><\/li><li class=\"blocks-gallery-item\"><figure><img loading=\"lazy\" width=\"1024\" height=\"768\" src=\"https:\/\/www.magnus-hoffmann-schule.de\/wp-content\/uploads\/2024\/12\/IMG_8722-1024x768.jpeg\" alt=\"\" data-id=\"1610\" data-full-url=\"https:\/\/www.magnus-hoffmann-schule.de\/wp-content\/uploads\/2024\/12\/IMG_8722-scaled.jpeg\" data-link=\"https:\/\/www.magnus-hoffmann-schule.de\/?attachment_id=1610\" class=\"wp-image-1610\" srcset=\"https:\/\/www.magnus-hoffmann-schule.de\/wp-content\/uploads\/2024\/12\/IMG_8722-1024x768.jpeg 1024w, https:\/\/www.magnus-hoffmann-schule.de\/wp-content\/uploads\/2024\/12\/IMG_8722-300x225.jpeg 300w, https:\/\/www.magnus-hoffmann-schule.de\/wp-content\/uploads\/2024\/12\/IMG_8722-768x576.jpeg 768w, https:\/\/www.magnus-hoffmann-schule.de\/wp-content\/uploads\/2024\/12\/IMG_8722-1536x1152.jpeg 1536w, https:\/\/www.magnus-hoffmann-schule.de\/wp-content\/uploads\/2024\/12\/IMG_8722-2048x1536.jpeg 2048w\" sizes=\"(max-width: 706px) 89vw, (max-width: 767px) 82vw, 740px\" \/><\/figure><\/li><\/ul><\/figure>\n\n\n\n<p><strong>Die Kreativ-AG<\/strong> <strong>l\u00e4sst die Vorweihnachtszeit einziehen<\/strong><\/p>\n\n\n\n<p>Die kreativen Sch\u00fcler basteln mit Frau Winkelmann in der Kreativ-AG jede Woche neue, au\u00dfergw\u00f6hnliche Kleinigkeiten. Vom Deko-Objekt bis hin zum Weihnachtsengel, ist in der Vorweihnachtszeit alles dabei. So kann jeder AG-Teilnehmer seine mit Stolz und Freude erstellte Bastelei mit nach Hause nehmen. <\/p>\n\n\n\n<figure class=\"wp-block-gallery columns-2 is-cropped\"><ul class=\"blocks-gallery-grid\"><li class=\"blocks-gallery-item\"><figure><img loading=\"lazy\" width=\"1024\" height=\"768\" src=\"https:\/\/www.magnus-hoffmann-schule.de\/wp-content\/uploads\/2024\/12\/IMG_8424-1024x768.jpg\" alt=\"\" data-id=\"1607\" data-full-url=\"https:\/\/www.magnus-hoffmann-schule.de\/wp-content\/uploads\/2024\/12\/IMG_8424-scaled.jpg\" data-link=\"https:\/\/www.magnus-hoffmann-schule.de\/?attachment_id=1607\" class=\"wp-image-1607\" srcset=\"https:\/\/www.magnus-hoffmann-schule.de\/wp-content\/uploads\/2024\/12\/IMG_8424-1024x768.jpg 1024w, https:\/\/www.magnus-hoffmann-schule.de\/wp-content\/uploads\/2024\/12\/IMG_8424-300x225.jpg 300w, https:\/\/www.magnus-hoffmann-schule.de\/wp-content\/uploads\/2024\/12\/IMG_8424-768x576.jpg 768w, https:\/\/www.magnus-hoffmann-schule.de\/wp-content\/uploads\/2024\/12\/IMG_8424-1536x1152.jpg 1536w, https:\/\/www.magnus-hoffmann-schule.de\/wp-content\/uploads\/2024\/12\/IMG_8424-2048x1536.jpg 2048w\" sizes=\"(max-width: 706px) 89vw, (max-width: 767px) 82vw, 740px\" \/><\/figure><\/li><li class=\"blocks-gallery-item\"><figure><img loading=\"lazy\" width=\"576\" height=\"1024\" src=\"https:\/\/www.magnus-hoffmann-schule.de\/wp-content\/uploads\/2024\/12\/IMG_7209-576x1024.jpg\" alt=\"\" data-id=\"1606\" data-full-url=\"https:\/\/www.magnus-hoffmann-schule.de\/wp-content\/uploads\/2024\/12\/IMG_7209-scaled.jpg\" data-link=\"https:\/\/www.magnus-hoffmann-schule.de\/?attachment_id=1606\" class=\"wp-image-1606\" srcset=\"https:\/\/www.magnus-hoffmann-schule.de\/wp-content\/uploads\/2024\/12\/IMG_7209-576x1024.jpg 576w, https:\/\/www.magnus-hoffmann-schule.de\/wp-content\/uploads\/2024\/12\/IMG_7209-169x300.jpg 169w, https:\/\/www.magnus-hoffmann-schule.de\/wp-content\/uploads\/2024\/12\/IMG_7209-768x1365.jpg 768w, https:\/\/www.magnus-hoffmann-schule.de\/wp-content\/uploads\/2024\/12\/IMG_7209-864x1536.jpg 864w, https:\/\/www.magnus-hoffmann-schule.de\/wp-content\/uploads\/2024\/12\/IMG_7209-1152x2048.jpg 1152w, https:\/\/www.magnus-hoffmann-schule.de\/wp-content\/uploads\/2024\/12\/IMG_7209-scaled.jpg 1440w\" sizes=\"(max-width: 576px) 100vw, 576px\" \/><\/figure><\/li><\/ul><\/figure>\n\n\n\n<p><strong>Die Sch\u00fclerinnen und Sch\u00fcler der AG Nadel und Faden zaubern kleine Kunstwerke<\/strong><\/p>\n\n\n\n<p>Kleine N\u00e4hh\u00e4ndchen zaubern, unter der Leitung von Frau Schlothauer in der AG &#8222;Nadel und Faden&#8220;, zuckers\u00fc\u00dfe Kunstwerke. Die Kinder pr\u00e4sentieren stolz ihre fertigen N\u00e4hst\u00fccke und freuen sich auf die Bearbeitung weiterer, bunter Stoffexperimente. Das klappt mit etwas Geschick und Spa\u00df bei der Sache, schon richtig gut.<\/p>\n\n\n\n<div class=\"wp-block-group\"><div class=\"wp-block-group__inner-container\">\n<div class=\"wp-block-group\"><div class=\"wp-block-group__inner-container\">\n<div class=\"wp-block-image\"><figure class=\"alignleft size-large is-resized\"><img loading=\"lazy\" src=\"https:\/\/www.magnus-hoffmann-schule.de\/wp-content\/uploads\/2024\/10\/IMG_8499-scaled-e1728560485917-768x1024.jpg\" alt=\"\" class=\"wp-image-1586\" width=\"265\" height=\"353\" srcset=\"https:\/\/www.magnus-hoffmann-schule.de\/wp-content\/uploads\/2024\/10\/IMG_8499-scaled-e1728560485917-768x1024.jpg 768w, https:\/\/www.magnus-hoffmann-schule.de\/wp-content\/uploads\/2024\/10\/IMG_8499-scaled-e1728560485917-225x300.jpg 225w, https:\/\/www.magnus-hoffmann-schule.de\/wp-content\/uploads\/2024\/10\/IMG_8499-scaled-e1728560485917-1152x1536.jpg 1152w, https:\/\/www.magnus-hoffmann-schule.de\/wp-content\/uploads\/2024\/10\/IMG_8499-scaled-e1728560485917-1536x2048.jpg 1536w, https:\/\/www.magnus-hoffmann-schule.de\/wp-content\/uploads\/2024\/10\/IMG_8499-scaled-e1728560485917.jpg 1920w\" sizes=\"(max-width: 265px) 100vw, 265px\" \/><\/figure><\/div>\n\n\n\n<figure class=\"wp-block-image size-large is-resized\"><img loading=\"lazy\" src=\"https:\/\/www.magnus-hoffmann-schule.de\/wp-content\/uploads\/2024\/10\/IMG_8500-scaled-e1728560510213-768x1024.jpg\" alt=\"\" class=\"wp-image-1587\" width=\"330\" height=\"439\" srcset=\"https:\/\/www.magnus-hoffmann-schule.de\/wp-content\/uploads\/2024\/10\/IMG_8500-scaled-e1728560510213-768x1024.jpg 768w, https:\/\/www.magnus-hoffmann-schule.de\/wp-content\/uploads\/2024\/10\/IMG_8500-scaled-e1728560510213-225x300.jpg 225w, https:\/\/www.magnus-hoffmann-schule.de\/wp-content\/uploads\/2024\/10\/IMG_8500-scaled-e1728560510213-1152x1536.jpg 1152w, https:\/\/www.magnus-hoffmann-schule.de\/wp-content\/uploads\/2024\/10\/IMG_8500-scaled-e1728560510213-1536x2048.jpg 1536w, https:\/\/www.magnus-hoffmann-schule.de\/wp-content\/uploads\/2024\/10\/IMG_8500-scaled-e1728560510213.jpg 1920w\" sizes=\"(max-width: 330px) 100vw, 330px\" \/><\/figure>\n<\/div><\/div>\n<\/div><\/div>\n\n\n\n<div class=\"wp-block-group\"><div class=\"wp-block-group__inner-container\">\n<div class=\"wp-block-image\"><figure class=\"alignleft size-large is-resized\"><img loading=\"lazy\" src=\"https:\/\/www.magnus-hoffmann-schule.de\/wp-content\/uploads\/2024\/10\/IMG_8534-1024x768.jpg\" alt=\"\" class=\"wp-image-1588\" width=\"355\" height=\"266\" srcset=\"https:\/\/www.magnus-hoffmann-schule.de\/wp-content\/uploads\/2024\/10\/IMG_8534-1024x768.jpg 1024w, https:\/\/www.magnus-hoffmann-schule.de\/wp-content\/uploads\/2024\/10\/IMG_8534-300x225.jpg 300w, https:\/\/www.magnus-hoffmann-schule.de\/wp-content\/uploads\/2024\/10\/IMG_8534-768x576.jpg 768w, https:\/\/www.magnus-hoffmann-schule.de\/wp-content\/uploads\/2024\/10\/IMG_8534-1536x1152.jpg 1536w, https:\/\/www.magnus-hoffmann-schule.de\/wp-content\/uploads\/2024\/10\/IMG_8534-2048x1536.jpg 2048w\" sizes=\"(max-width: 355px) 100vw, 355px\" \/><\/figure><\/div>\n\n\n\n<figure class=\"wp-block-image size-large is-resized\"><img loading=\"lazy\" src=\"https:\/\/www.magnus-hoffmann-schule.de\/wp-content\/uploads\/2024\/10\/IMG_8545-1024x768.jpg\" alt=\"\" class=\"wp-image-1589\" width=\"292\" height=\"219\" srcset=\"https:\/\/www.magnus-hoffmann-schule.de\/wp-content\/uploads\/2024\/10\/IMG_8545-1024x768.jpg 1024w, https:\/\/www.magnus-hoffmann-schule.de\/wp-content\/uploads\/2024\/10\/IMG_8545-300x225.jpg 300w, https:\/\/www.magnus-hoffmann-schule.de\/wp-content\/uploads\/2024\/10\/IMG_8545-768x576.jpg 768w, https:\/\/www.magnus-hoffmann-schule.de\/wp-content\/uploads\/2024\/10\/IMG_8545-1536x1152.jpg 1536w, https:\/\/www.magnus-hoffmann-schule.de\/wp-content\/uploads\/2024\/10\/IMG_8545-2048x1536.jpg 2048w\" sizes=\"(max-width: 292px) 100vw, 292px\" \/><\/figure>\n<\/div><\/div>\n","protected":false},"excerpt":{"rendered":"<p>Neues aus der AG &#8222;Nadel und Faden&#8220; Wir haben in den letzten Monaten kleine Schl\u00fcsselanh\u00e4nger angefertigt. Frau Schlothauer hat die Stoffe f\u00fcr die Kinder zugeschnitten und geb\u00fcgelt. Die Kinder mussten dann selbstst\u00e4ndig mit ihren Stecknadeln feststecken und n\u00e4hen. Zum Schluss haben sie es noch mit einem Knopf verziert. Voller Stolz d\u00fcrfen wir hier ein paar &hellip; <\/p>\n<p class=\"link-more\"><a href=\"https:\/\/www.magnus-hoffmann-schule.de\/?page_id=1582\" class=\"more-link\"><span class=\"screen-reader-text\">\u201eArbeitsgemeinschaften\u201c<\/span> weiterlesen<\/a><\/p>\n","protected":false},"author":4,"featured_media":0,"parent":0,"menu_order":0,"comment_status":"closed","ping_status":"closed","template":"","meta":[],"_links":{"self":[{"href":"https:\/\/www.magnus-hoffmann-schule.de\/index.php?rest_route=\/wp\/v2\/pages\/1582"}],"collection":[{"href":"https:\/\/www.magnus-hoffmann-schule.de\/index.php?rest_route=\/wp\/v2\/pages"}],"about":[{"href":"https:\/\/www.magnus-hoffmann-schule.de\/index.php?rest_route=\/wp\/v2\/types\/page"}],"author":[{"embeddable":true,"href":"https:\/\/www.magnus-hoffmann-schule.de\/index.php?rest_route=\/wp\/v2\/users\/4"}],"replies":[{"embeddable":true,"href":"https:\/\/www.magnus-hoffmann-schule.de\/index.php?rest_route=%2Fwp%2Fv2%2Fcomments&post=1582"}],"version-history":[{"count":10,"href":"https:\/\/www.magnus-hoffmann-schule.de\/index.php?rest_route=\/wp\/v2\/pages\/1582\/revisions"}],"predecessor-version":[{"id":1712,"href":"https:\/\/www.magnus-hoffmann-schule.de\/index.php?rest_route=\/wp\/v2\/pages\/1582\/revisions\/1712"}],"wp:attachment":[{"href":"https:\/\/www.magnus-hoffmann-schule.de\/index.php?rest_route=%2Fwp%2Fv2%2Fmedia&parent=1582"}],"curies":[{"name":"wp","href":"https:\/\/api.w.org\/{rel}","templated":true}]}}